t the prime factors of 29625.
3, 5, 79
List the prime factors of 1327.
1327
What are the prime factors of 552?
2, 3, 23
List the prime factors of 1747.
1747
List the prime factors of 140041.
11, 29, 439
List the prime factors of 5172.
2, 3, 431
List the prime factors of 50570.
2, 5, 13, 389
What are the prime factors of 136749?
3, 79, 577
List the prime factors of 119.
7, 17
List the prime factors of 12.
2, 3
List the prime factors of 278.
2, 139
List the prime factors of 5171.
5171
List the prime factors of 916.
2, 229
What are the prime factors of 1512?
2, 3, 7
What are the prime factors of 46017?
3, 5113
List the prime factors of 5269.
11, 479
What are the prime factors of 36829?
13, 2833
What are the prime factors of 91514?
2, 45757
List the prime factors of 265.
5, 53
What are the prime factors of 6711?
3, 2237
What are the prime factors of 2328?
2, 3, 97
List the prime factors of 11865.
3, 5, 7, 113
List the prime factors of 27580.
2, 5, 7, 197
What are the prime factors of 3275?
5, 131
List the prime factors of 6881.
7, 983
What are the prime factors of 88052?
2, 22013
List the prime factors of 28150.
2, 5, 563
What are the prime factors of 4833?
3, 179
What are the prime factors of 3603?
3, 1201
List the prime factors of 806.
2, 13, 31
List the prime factors of 4986.
2, 3, 277
What are the prime factors of 3853?
3853
List the prime factors of 1991.
11, 181
What are the prime factors of 14120?
2, 5, 353
List the prime factors of 28007.
7, 4001
What are the prime factors of 12356?
2, 3089
List the prime factors of 842.
2, 421
What are the prime factors of 39130?
2, 5, 7, 13, 43
List the prime factors of 3010.
2, 5, 7, 43
What are the prime factors of 34504?
2, 19, 227
List the prime factors of 4722.
2, 3, 787
What are the prime factors of 5465?
5, 1093
What are the prime factors of 96832?
2, 17, 89
List the prime factors of 3785.
5, 757
List the prime factors of 1316.
2, 7, 47
List the prime factors of 5343.
3, 13, 137
What are the prime factors of 2930?
2, 5, 293
What are the prime factors of 81850?
2, 5, 1637
List the prime factors of 50861.
181, 281
What are the prime factors of 110724?
2, 3, 9227
List the prime factors of 848.
2, 53
What are the prime factors of 2588?
2, 647
What are the prime factors of 7467?
3, 19, 131
What are the prime factors of 446?
2, 223
List the prime factors of 4577.
23, 199
List the prime factors of 5798.
2, 13, 223
What are the prime factors of 3247?
17, 191
List the prime factors of 182286.
2, 3, 13, 19, 41
List the prime factors of 2756.
2, 13, 53
What are the prime factors of 39543?
3, 7, 269
List the prime factors of 3035.
5, 607
List the prime factors of 65820.
2, 3, 5, 1097
What are the prime factors of 37294?
2, 29, 643
List the prime factors of 2062.
2, 1031
What are the prime factors of 483?
3, 7, 23
List the prime factors of 11899.
73, 163
What are the prime factors of 18720?
2, 3, 5, 13
List the prime factors of 38890.
2, 5, 3889
What are the prime factors of 2232?
2, 3, 31
What are the prime factors of 33188?
2, 8297
What are the prime factors of 3533?
3533
What are the prime factors of 149251?
149251
List the prime factors of 8630.
2, 5, 863
What are the prime factors of 113495?
5, 22699
List the prime factors of 588.
2, 3, 7
What are the prime factors of 34988?
2, 8747
List the prime factors of 4970.
2, 5, 7, 71
List the prime factors of 21196.
2, 7, 757
What are the prime factors of 52?
2, 13
What are the prime factors of 1843?
19, 97
What are the prime factors of 7238?
2, 7, 11, 47
List the prime factors of 15501.
3, 5167
What are the prime factors of 4103?
11, 373
List the prime factors of 68321.
11, 6211
What are the prime factors of 1431?
3, 53
What are the prime factors of 11?
11
What are the prime factors of 9666?
2, 3, 179
List the prime factors of 396.
2, 3, 11
List the prime factors of 22368.
2, 3, 233
List the prime factors of 5948.
2, 1487
What are the prime factors of 256?
2
List the prime factors of 1227.
3, 409
What are the prime factors of 1546?
2, 773
List the prime factors of 8310.
2, 3, 5, 277
What are the prime factors of 26258?
2, 19, 691
What are the prime factors of 24?
2, 3
What are the prime factors of 3440?
2, 5, 43
What are the prime factors of 29323?
7, 59, 71
List the prime factors of 5658.
2, 3, 23, 41
List the prime factors of 28494.
2, 3, 1583
What are the prime factors of 365?
5, 73
What are the prime factors of 16708?
2, 4177
What are the prime factors of 2398?
2, 11, 109
What are the prime factors of 2190?
2, 3, 5, 73
List the prime factors of 450.
2, 3, 5
What are the prime factors of 47626?
2, 23813
What are the prime factors of 22555?
5, 13, 347
List the prime factors of 767.
13, 59
List the prime factors of 13082.
2, 31, 211
What are the prime factors of 12684?
2, 3, 7, 151
What are the prime factors of 92120?
2, 5, 7, 47
List the prime factors of 56892.
2, 3, 11, 431
What are the prime factors of 1667?
1667
List the prime factors of 36902.
2, 18451
List the prime factors of 1027.
13, 79
List the prime factors of 1136.
2, 71
What are the prime factors of 45745?
5, 7, 1307
What are the prime factors of 1991?
11, 181
List the prime factors of 930.
2, 3, 5, 31
List the prime factors of 118364.
2, 127, 233
What are the prime factors of 79452?
2, 3, 2207
What are the prime factors of 5622?
2, 3, 937
List the prime factors of 30429.
3, 7, 23
What are the prime factors of 792?
2, 3, 11
What are the prime factors of 1406?
2, 19, 37
What are the prime factors of 299?
13, 23
What are the prime factors of 1321?
1321
List the prime factors of 6590.
2, 5, 659
What are the prime factors of 1491?
3, 7, 71
List the prime factors of 19531.
19531
What are the prime factors of 7262?
2, 3631
What are the prime factors of 3320?
2, 5, 83
List the prime factors of 8752.
2, 547
List the prime factors of 2578.
2, 1289
What are the prime factors of 12158?
2, 6079
List the prime factors of 242.
2, 11
List the prime factors of 2219.
7, 317
List the prime factors of 228.
2, 3, 19
List the prime factors of 29960.
2, 5, 7, 107
What are the prime factors of 29857?
73, 409
What are the prime factors of 1876?
2, 7, 67
List the prime factors of 6644.
2, 11, 151
List the prime factors of 9085.
5, 23, 79
What are the prime factors of 527?
17, 31
List the prime factors of 21256.
2, 2657
What are the prime factors of 42901?
42901
List the prime factors of 372.
2, 3, 31
List the prime factors of 202.
2, 101
What are the prime factors of 4409?
4409
What are the prime factors of 86438?
2, 11, 3929
What are the prime factors of 1711?
29, 59
What are the prime factors of 4226?
2, 2113
What are the prime factors of 440?
2, 5, 11
List the prime factors of 3005.
5, 601
List the prime factors of 54.
2, 3
List the prime factors of 866.
2, 433
What are the prime factors of 7390?
2, 5, 739
List the prime factors of 29037.
3, 9679
What are the prime factors of 532?
2, 7, 19
List the prime factors of 4184.
2, 523
List the prime factors of 1031.
1031
What are the prime factors of 74446?
2, 37223
List the prime factors of 52730.
2, 5, 5273
What are the prime factors of 144585?
3, 5, 7, 17
What are the prime factors of 3105?
3, 5, 23
List the prime factors of 36129.
3, 12043
What are the prime factors of 19271?
7, 2753
What are the prime factors of 3340?
2, 5, 167
List the prime factors of 8262.
2, 3, 17
List the prime factors of 2522.
2, 13, 97
What are the prime factors of 12150?
2, 3, 5
What are the prime factors of 2197?
13
List the prime factors of 268.
2, 67
List the prime factors of 27213.
3, 47, 193
List the prime factors of 4238.
2, 13, 163
What are the prime factors of 3492?
2, 3, 97
List the prime factors of 641.
641
List the prime factors of 7975.
5, 11, 29
What are the prime factors of 4341?
3, 1447
List the prime factors of 9339.
3, 11, 283
What are the prime factors of 64435?
5, 7, 263
What are the prime factors of 1972?
2, 17, 29
What are the prime factors of 1546?
2, 773
List the prime factors of 91023.
3, 30341
List the prime factors of 53632.
2, 419
List the prime factors of 7201.
19, 379
List the prime factors of 50072.
2, 11, 569
List the prime factors of 36784.
2, 11, 19
List the prime factors of 7759.
7759
What are the prime factors of 23325?
3, 5, 311
What are the prime factors o